
6
What is the ten thousands digit of 17304514?
0
What is the hundred thousands digit of 16684461?
6
What is the thousands digit of 68327129?
7
What is the tens digit of 738456068?
6
What is the units digit of 2018176405?
5
What is the hundred thousands digit of 976250702?
2
What is the hundreds digit of 4113754953?
9
What is the hundred thousands digit of 134449222?
4
What is the millions digit of 18232838?
8
What is the thousands digit of 274475470?
5
What is the billions digit of 6276246943?
6
What is the tens digit of 876686?
8
What is the hundred millions digit of 364062382?
3
What is the hundred thousands digit of 2972310915?
3
What is the ten millions digit of 557823571?
5
What is the thousands digit of 93495244?
5
What is the tens digit of 47261261?
6
What is the hundreds digit of 13471039?
0
What is the ten millions digit of 79545461?
7
What is the tens digit of 1279308555?
5
What is the units digit of 321335863?
3
What is the tens digit of 1420452161?
6
What is the units digit of 9649574?
4
What is the ten thousands digit of 119949320?
4
What is the ten thousands digit of 1866148807?
4
What is the ten thousands digit of 77092250?
9
What is the tens digit of 33094270?
7
What is the ten millions digit of 105786661?
0
What is the thousands digit of 120657050?
7
What is the ten thousands digit of 1498570138?
7
What is the ten thousands digit of 95577821?
7
What is the ten millions digit of 44358632?
4
What is the hundreds digit of 5171532?
5
What is the hundred thousands digit of 33044924?
0
What is the ten thousands digit of 4594315394?
1
What is the hundred thousands digit of 290688430?
6
What is the hundreds digit of 554301076?
0
What is the millions digit of 70260813?
0
What is the ten thousands digit of 1007813168?
1
What is the ten millions digit of 5757034538?
5
What is the ten thousands digit of 3923252373?
5
What is the ten thousands digit of 105875078?
7
What is the tens digit of 896738783?
8
What is the hundred thousands digit of 2075911?
0
What is the units digit of 638682238?
8
What is the hundred thousands digit of 279106943?
1
What is the hundred thousands digit of 61554605?
5
What is the thousands digit of 428838772?
8
What is the millions digit of 106033396?
6
What is the ten millions digit of 1430753610?
3
What is the hundred thousands digit of 594618309?
6
What is the ten millions digit of 418319188?
1
What is the units digit of 1843800635?
5
What is the hundred thousands digit of 30478594?
4
What is the millions digit of 14349717?
4
What is the tens digit of 22001992?
9
What is the thousands digit of 34909271?
9
What is the thousands digit of 1248452531?
2
What is the tens digit of 142308872?
7
What is the ten thousands digit of 642330336?
3
What is the units digit of 85811166?
6
What is the billions digit of 3430818848?
3
What is the thousands digit of 312971667?
1
What is the units digit of 3021302462?
2
What is the thousands digit of 29647459?
7
What is the hundred thousands digit of 4863965142?
9
What is the ten millions digit of 62538821?
6
What is the millions digit of 594082337?
4
What is the units digit of 2125919479?
9
What is the hundreds digit of 209693781?
7
What is the millions digit of 1784899274?
4
What is the ten millions digit of 417240583?
1
What is the ten thousands digit of 2086415890?
1
What is the units digit of 24785539?
9
What is the hundreds digit of 33149011?
0
What is the hundreds digit of 61601621?
6
What is the units digit of 534201307?
7
What is the tens digit of 1520942164?
6
What is the ten thousands digit of 39634991?
3
What is the hundred millions digit of 1947262948?
9
What is the units digit of 3557001671?
1
What is the millions digit of 12675352?
2
What is the millions digit of 7679115?
7
What is the units digit of 43181110?
0
What is the millions digit of 10322266?
0
What is the ten thousands digit of 531757669?
5
What is the millions digit of 118398895?
8
What is the units digit of 1028260723?
3
What is the hundred thousands digit of 104675460?
6
What is the tens digit of 564805215?
1
What is the units digit of 221511361?
1
What is the hundred millions digit of 716255892?
7
What is the units digit of 1894935576?
6
What is the ten millions digit of 128374811?
2
What is the hundred thousands digit of 33804373?
8
What is the tens digit of 68770709?
0
What is the units digit of 9143329?
9
What is the units digit of 215576733?
3
What is the hundred millions digit of 435565262?
4
What is the millions digit of 116505666?
6
What is the millions digit of 103485940?
3
What is the millions digit of 942897398?
2
What is the thousands digit of 232309929?
9
What is the millions digit of 20786253?
0
What is the units digit of 70898956?
6
What is the billions digit of 1396522102?
1
What is the hundred thousands digit of 108071642?
0
What is the units digit of 16455167?
7
What is the thousands digit of 4245904530?
4
What is the millions digit of 1961933375?
1
What is the units digit of 5594647157?
7
What is the ten millions digit of 366487880?
6
What is the millions digit of 37601637?
7
What is the billions digit of 1028983034?
1
What is the units digit of 124438456?
6
What is the tens digit of 157527035?
3
What is the thousands digit of 162485345?
5
What is the tens digit of 46375099?
9
What is the hundreds digit of 3358795201?
2
What is the hundreds digit of 1116714707?
7
What is the hundred millions digit of 3155210668?
1
What is the units digit of 225135977?
7
What is the millions digit of 608572187?
8
What is the hundred thousands digit of 66640951?
6
What is the millions digit of 150534501?
0
What is the ten thousands digit of 159786545?
8
What is the thousands digit of 189288152?
8
What is the ten thousands digit of 54657868?
5
What is the ten thousands digit of 1985846838?
4
What is the hundreds digit of 11200257?
2
What is the ten millions digit of 71625130?
7
What is the hundred thousands digit of 48477500?
4
What is the hundreds digit of 178301119?
1
What is the ten thousands digit of 231048405?
4
What is the hundred millions digit of 2019241787?
0
What is the ten thousands digit of 1729255276?
5
What is the hundred thousands digit of 50358815?
3
What is the tens digit of 44847935?
3
What is the millions digit of 1422419277?
2
What is the hundred thousands digit of 124862193?
8
What is the thousands digit of 5658028?
8
What is the millions digit of 1622411123?
2
What is the tens digit of 701589929?
2
What is the ten thousands digit of 22647585?
4
What is the hundred millions digit of 4059537084?
0
What is the millions digit of 101619400?
1
What is the hundred thousands digit of 258519282?
5
What is the hundred millions digit of 9564903877?
5
What is the ten thousands digit of 526247108?
4
What is the ten millions digit of 388256754?
8
What is the hundreds digit of 263899158?
1
What is the ten thousands digit of 564679070?
7
What is the tens digit of 113558238?
3
What is the millions digit of 636562147?
6
What is the hundred millions digit of 772006813?
7
What is the tens digit of 238677175?
7
What is the ten thousands digit of 137129026?
2
What is the billions digit of 2027124011?
2
What is the hundred millions digit of 508404192?
5
What is the ten millions digit of 529968680?
2
What is the hundreds digit of 1606736?
7
What is the hundreds digit of 36610366?
3
What is the units digit of 68312642?
2
What is the hundreds digit of 259114291?
2
What is the hundreds digit of 18027416?
4
What is the thousands digit of 2156476415?
6
What is the hundred millions digit of 888765664?
8
What is the ten millions digit of 76741090?
7
What is the ten millions digit of 327296023?
2
What is the ten thousands digit of 1101867163?
6
What is the ten millions digit of 1166774444?
6
What is the tens digit of 8704715174?
7
What is the hundred thousands digit of 334665447?
6
What is the tens digit of 722376233?
3
What is the tens digit of 248843937?
3
What is the thousands digit of 2555048569?
8
What is the thousands digit of 2160203474?
3
What is the millions digit of 4184585922?
4
What is the ten millions digit of 104913605?
0
What is the tens digit of 226953531?
3
What is the units digit of 1989027569?
9
What is the thousands digit of 36615969?
5
What is the tens digit of 19934739?
3
What is the mill